 by s.
6
Suppose 3*o - 8 = -h + 2*o, -4*o - 20 = 0. What is the remainder when 62 is divided by h?
10
Let y(j) = j**3 + 2*j**2 - 5*j + 4. What is the remainder when y(3) is divided by 9?
7
Let j = 229 + -211. Calculate the remainder when 50 is divided by j.
14
Calculate the remainder when (3 + -2)*-1 + 70 - 2 is divided by 23.
21
Suppose 20 = 5*g, 112 = -5*w + 3*g + 385. Calculate the remainder when 170 is divided by w.
56
Let f = 42 - 24. What is the remainder when (f/(-15))/(4/(-230)) is divided by 18?
15
Suppose 5*o + 2*p = 26, 2 = 2*o + 4*p - 2. Let b(r) = 15*r + 3. Let l(x) = -x - 1. Let j(k) = b(k) + 4*l(k). What is the remainder when j(1) is divided by o?
4
What is the remainder when 31 is divided by 3/(12/8) + 5/1?
3
Suppose -2*l + 3*r = r - 4, -r - 10 = -5*l. What is the remainder when 64 is divided by (-2)/(0 - l/13)?
12
Let r(t) = -t - 2. Let w be r(-5). Suppose 23 - w = 2*k. What is the remainder when 38 is divided by k?
8
Let a = 0 - -5. Suppose -5*t + 113 - 43 = 0. What is the remainder when t is divided by a?
4
Let w = 4 - 4. Suppose w = -d + 4*q, d + q - 6*q + 4 = 0. Calculate the remainder when 45 is divided by d.
13
Suppose 0 = -5*f - 0*f + 640. Suppose 7*u = 3*u + f. Calculate the remainder when u is divided by 17.
15
Let m(i) = -i**2 + 6*i. Let l = -3 + 8. What is the remainder when 7 is divided by m(l)?
2
Let f be ((-1)/(-3))/((-4)/(-48)). Suppose 2*g - 87 = -2*g + v, -2*g + 48 = f*v. Calculate the remainder when 42 is divided by g.
20
Let h be -1 + 2 + (0 - -1). Suppose -5*a + 30 = 4*n, a + 1 - 39 = -4*n. What is the remainder when (-634)/(-22) - h/(-11) is divided by n?
9
Let g(r) = -r**3 - r**2 - 2*r - 2. Let d be g(-2). What is the remainder when ((-10)/d)/((-1)/3) is divided by 3?
2
Let a = 4 - -5. Calculate the remainder when a is divided by 5.
4
Calculate the remainder when 35 - 0 - (-8 + 9) is divided by 6/(-9) + (-76)/(-6).
10
What is the remainder when 54 is divided by 50/(-4)*((-203)/35 - -5)?
4
Suppose -11 = 5*z - 6*z. Calculate the remainder when 74 is divided by z.
8
Suppose -5*u - 165 = -615. Let g = 131 - u. Calculate the remainder when g is divided by 14.
13
Let r = 162 - 114. What is the remainder when r is divided by 25?
23
Let r be (4/(-3))/(2/6). Let z = r + 4. Calculate the remainder when 31 - (-2 + z/2) is divided by 17.
16
Suppose 2*p + 5*d = 134, 5*d - 304 = -4*p + 4*d. What is the remainder when p is divided by 16?
13
Let c = 121 - 35. What is the remainder when c is divided by 11?
9
Suppose 0 = -2*w + 3*h + 2 - 7, 0 = 2*w + 2*h. Let x = w - 1. Calculate the remainder when 8 is divided by 10/x*1*-1.
3
Let s(r) be the second derivative of -r**4/12 + 5*r**3/2 - 3*r**2/2 - 3*r. Calculate the remainder when s(8) is divided by 14.
11
Suppose -4*l = -l - 33. Let z(b) = 3*b - 13. What is the remainder when z(l) is divided by 7?
6
Let m = -85 + 163. Calculate the remainder when m is divided by 22.
12
Let w(g) = 2*g - 2. Let c be w(2). Suppose c*y + 4*t + 35 - 95 = 0, y = -4*t + 32. Calculate the remainder when y is divided by 15.
13
Let h(m) = -10*m + 1. Suppose -g + 118 = -12. Suppose 0 = -4*n - q + 3*q + g, -4*n + q + 129 = 0. What is the remainder when n is divided by h(-1)?
10
Let q(a) = -a**2 - 20*a - 30. Calculate the remainder when q(-15) is divided by 12.
9
Let t = -164 + 172. Suppose 2*d = g - 35, -4 = -3*d - 10. Calculate the remainder when g is divided by t.
7
Let k = -7 + 16. Let b(m) = m**2 + 2*m - 19. What is the remainder when k is divided by b(-6)?
4
What is the remainder when 19 is divided by (-2 - (-39)/12)/(1/8)?
9
Let o be (6 - -1)/(2 + -1). Let i be -2 - (-6 - 4/(-2)). Suppose -3*j = -j - 2*z - 8, 0 = -j - i*z + o. What is the remainder when 13 is divided by j?
3
Let p(s) = 5*s**2 + 15*s - 5. Let m(o) = -4*o**2 - 14*o + 5. Let l(z) = -6*m(z) - 5*p(z). Calculate the remainder when 15 is divided by l(7).
6
Let h = -73 - -52. Let l = 34 + h. Calculate the remainder when l is divided by 5.
3
Suppose 0 = -n + 2*v + 20, -3*v + 130 = 5*n + 2*v. Calculate the remainder when 70 is divided by n.
22
What is the remainder when 43 is divided by 1*(2 - -7*3)?
20
Suppose 0*o = 5*o - 75. What is the remainder when 43 is divided by o?
13
Let c(h) = -h**2 + 10*h - 5. Let u be c(9). Suppose 0 = 4*s + 3*w - 14, -u*s + 5 = w - 13. What is the remainder when 18 is divided by s?
3
Let m(y) be the second derivative of 2*y - 3/2*y**2 + 0 + 1/2*y**3. What is the remainder when 28 is divided by m(6)?
13
Let w = 130 - -12. Suppose 2*q = -2, 4*u - w = -5*q + 57. What is the remainder when u is divided by 26?
25
Let s(z) = -z**3 + 9*z**2 - 8*z + 11. Let y be s(8). Let i = y + 15. Suppose -18 = -t + i. What is the remainder when t is divided by 15?
14
Suppose a = -4*d + 46, -2*d + 3*d + 116 = 4*a. Suppose 12 = -3*r, 0 = 3*o - 4*o + 3*r + a. What is the remainder when 34 is divided by o?
16
Suppose -39 = -4*c + l, 7*c - l = 5*c + 19. Calculate the remainder when (-2)/6 + (-164)/(-6) is divided by c.
7
Let w = -1 - -4. Suppose w*q = q + 24. What is the remainder when 23 is divided by q?
11
Let m be (-1 - (3 - -1)) + -1. Let b be 4/(-6) + (-196)/m. Let c = b - -3. Calculate the remainder when c is divided by 18.
17
Suppose 0*c - 42 = -3*c. Let m = c - 2. What is the remainder when 23 is divided by m?
11
Suppose -f + 204 = 2*f. Calculate the remainder when f is divided by 23.
22
Let c = -29 + 52. Calculate the remainder when c is divided by 3/(-21)*-86 - 6/21.
11
Let x = 37 + -18. Calculate the remainder when 35 is divided by x.
16
Let j = 1 + 2. Let n(y) = -6*y + j*y + 4*y + 11. What is the remainder when n(8) is divided by 5?
4
Let z be (-8)/5*130/4. Let a = z - -98. Calculate the remainder when a is divided by 24.
22
Suppose -58*t + 54*t = -100. Calculate the remainder when t is divided by 15.
10
Let m(h) = -h - 9. Let y be m(-9). Let q = 2 - y. Calculate the remainder when 3 - -1*(4 + -2) is divided by q.
1
Let k(g) = -5*g - 46. Calculate the remainder when k(-16) is divided by 6.
4
Let y(f) = f**2 - 6*f + 2. Let q = 2 - -5. What is the remainder when y(q) is divided by 5?
4
Let a(k) = -k**2 + k - 9. Let t be a(0). Let f = -3 - t. What is the remainder when 21 is divided by f?
3
Suppose -f = -6*l + l + 8, -4*f = -l - 6. Suppose 0 = l*d + 6, -u + 2*u - 2*d = 19. Suppose 2*y = 3*y - 24. Calculate the remainder when y is divided by u.
11
Let k = 2 + 41. Let y(r) = r**3 + 3*r**2 - r - 1. Let d be y(-3). Suppose 3 = d*x - 27. What is the remainder when k is divided by x?
13
Suppose 0 = -10*k + k + 486. What is the remainder when k is divided by 16?
6
Let i(d) = -2*d + 3. Suppose 0*b - 5*f - 25 = b, 2*b + 22 = -3*f. What is the remainder when 23 is divided by i(b)?
10
Suppose 4*a - 59 = -4*q + 173, -5*q + 314 = -a. Calculate the remainder when q is divided by 16.
14
Let x(d) = -4*d + 1. Suppose -7*c - 15 = -4*b - 4*c, -5*b - 5 = c. What is the remainder when x(-4) is divided by b - (-45)/(-2 - -7)?
8
Let b = -75 + 33. Let t = b - -59. Let j(v) = v + 5. Calculate the remainder when t is divided by j(4).
8
Let o = -15 + 26. Calculate the remainder when 21 is divided by o.
10
Calculate the remainder when 46 is divided by 20/(-30) + 29/3.
1
Suppose 37 = 3*f - 8. Calculate the remainder when f is divided by 6.
3
Suppose -5*l - 1 = -0*u - u, -2*l - 5 = -5*u. What is the remainder when u/4 + (-204)/(-16) is divided by 5?
3
Let p = 3 - 0. Suppose -4*n + 2*l + 15 = -p*l, -n = 3*l + 9. Suppose 0 = q - n - 2. What is the remainder when 5 is divided by q?
1
Let l(r) = 16*r - 8. Let q be l(-3). Let m(t) = -t**3 + 5*t**2 + 3. Let v be m(6). Let p = v - q. Calculate the remainder when 89 is divided by p.
20
Let z(v) = 2*v - 10. Let h(o) = -9*o + 1. Calculate the remainder when h(-3) is divided by z(10).
8
Let s(x) = 20*x**2 - x + 1. Suppose 2 = 4*g - 2*g. What is the remainder when s(g) is divided by 11?
9
What is the remainder when 15 is divided by (-4 - -2)/(-2) - -3?
3
Let u(o) = -o**2 + 4*o. Let a be (2/(-1))/((-4)/(-14)). Let j = 13 + a. What is the remainder when j is divided by u(2)?
2
Let z = -1 + 4. What is the remainder when z is divided by (-4)/6 - 55/(-33)?
0
Suppose 255 = -3*l - 2*l. Let t = 76 + l. Let v = t - -13. What is the remainder when v is divided by 13?
12
Suppose 5*v + w - 2*w = 95, -v + 2*w + 28 = 0. Calcul